{"id":42,"date":"2017-08-15T09:18:04","date_gmt":"2017-08-15T09:18:04","guid":{"rendered":"http:\/\/demo.themefreesia.com\/idyllic-interior-architecture\/?page_id=42"},"modified":"2020-02-25T17:03:50","modified_gmt":"2020-02-25T16:03:50","slug":"landscape","status":"publish","type":"page","link":"https:\/\/atelierceline.fr\/corpo\/front-page-feature\/landscape\/","title":{"rendered":"L&rsquo; Architecture"},"content":{"rendered":"<p>Qu\u2019il s\u2019agisse, <strong>d\u2019une r\u00e9alisation architecturale int\u00e9rieur, ext\u00e9rieur<\/strong> ou d\u2019un produit (sculptures, pergolas, terrasses, am\u00e9nagements&#8230;), la photographie d\u2019architecture recherchera <strong>\u00e0 mettre en avant par ses images le design souhait\u00e9 par le cr\u00e9ateur.<\/strong><\/p>\n\n\n<figure class=\"wp-block-gallery columns-2 is-cropped wp-block-gallery-1 is-layout-flex wp-block-gallery-is-layout-flex\"><ul class=\"blocks-gallery-grid\"><li class=\"blocks-gallery-item\"><figure><img loading=\"lazy\" decoding=\"async\" width=\"1024\" height=\"683\" src=\"https:\/\/atelierceline.fr\/corpo\/wp-content\/uploads\/2020\/02\/Sol-08.11-064-1024x683.jpg\" alt=\"\" data-id=\"354\" data-full-url=\"https:\/\/atelierceline.fr\/corpo\/wp-content\/uploads\/2020\/02\/Sol-08.11-064.jpg\" data-link=\"https:\/\/atelierceline.fr\/corpo\/la-photographie-darchitecture-exterieure\/sol-08-11-064\/\" class=\"wp-image-354\" srcset=\"https:\/\/atelierceline.fr\/corpo\/wp-content\/uploads\/2020\/02\/Sol-08.11-064-1024x683.jpg 1024w, https:\/\/atelierceline.fr\/corpo\/wp-content\/uploads\/2020\/02\/Sol-08.11-064-300x200.jpg 300w, https:\/\/atelierceline.fr\/corpo\/wp-content\/uploads\/2020\/02\/Sol-08.11-064-768x512.jpg 768w, https:\/\/atelierceline.fr\/corpo\/wp-content\/uploads\/2020\/02\/Sol-08.11-064-1536x1025.jpg 1536w, https:\/\/atelierceline.fr\/corpo\/wp-content\/uploads\/2020\/02\/Sol-08.11-064.jpg 1619w\" sizes=\"auto, (max-width: 1024px) 100vw, 1024px\" \/><figcaption class=\"blocks-gallery-item__caption\"><a href=\"https:\/\/atelierceline.fr\/corpo\/la-photographie-darchitecture-exterieure\/\">Architecture <code>e<\/code>xt\u00e9rieure<\/a><\/figcaption><\/figure><\/li><li class=\"blocks-gallery-item\"><figure><img loading=\"lazy\" decoding=\"async\" width=\"1024\" height=\"683\" src=\"https:\/\/atelierceline.fr\/corpo\/wp-content\/uploads\/2020\/02\/Cabinet-016-1024x683.jpg\" alt=\"\" data-id=\"334\" data-full-url=\"https:\/\/atelierceline.fr\/corpo\/wp-content\/uploads\/2020\/02\/Cabinet-016-scaled.jpg\" data-link=\"https:\/\/atelierceline.fr\/corpo\/cabinet-016\/\" class=\"wp-image-334\" srcset=\"https:\/\/atelierceline.fr\/corpo\/wp-content\/uploads\/2020\/02\/Cabinet-016-1024x683.jpg 1024w, https:\/\/atelierceline.fr\/corpo\/wp-content\/uploads\/2020\/02\/Cabinet-016-300x200.jpg 300w, https:\/\/atelierceline.fr\/corpo\/wp-content\/uploads\/2020\/02\/Cabinet-016-768x513.jpg 768w, https:\/\/atelierceline.fr\/corpo\/wp-content\/uploads\/2020\/02\/Cabinet-016-1536x1025.jpg 1536w, https:\/\/atelierceline.fr\/corpo\/wp-content\/uploads\/2020\/02\/Cabinet-016-2048x1367.jpg 2048w\" sizes=\"auto, (max-width: 1024px) 100vw, 1024px\" \/><figcaption class=\"blocks-gallery-item__caption\"><a href=\"https:\/\/atelierceline.fr\/corpo\/la-photographie-darchitecture-interieure\/\">Architecture Interieure<\/a><\/figcaption><\/figure><\/li><\/ul><\/figure>\n\n\n\n<p><\/p>\n","protected":false},"excerpt":{"rendered":"<p>Qu\u2019il s\u2019agisse, d\u2019une r\u00e9alisation architecturale int\u00e9rieur, ext\u00e9rieur ou d\u2019un produit (sculptures, pergolas, terrasses, am\u00e9nagements&#8230;), la photographie d\u2019architecture recherchera \u00e0 mettre en avant par ses images le design souhait\u00e9 par le cr\u00e9ateur.<\/p>\n","protected":false},"author":1,"featured_media":258,"parent":36,"menu_order":0,"comment_status":"closed","ping_status":"closed","template":"","meta":{"footnotes":""},"class_list":["post-42","page","type-page","status-publish","has-post-thumbnail","hentry"],"_links":{"self":[{"href":"https:\/\/atelierceline.fr\/corpo\/wp-json\/wp\/v2\/pages\/42","targetHints":{"allow":["GET"]}}],"collection":[{"href":"https:\/\/atelierceline.fr\/corpo\/wp-json\/wp\/v2\/pages"}],"about":[{"href":"https:\/\/atelierceline.fr\/corpo\/wp-json\/wp\/v2\/types\/page"}],"author":[{"embeddable":true,"href":"https:\/\/atelierceline.fr\/corpo\/wp-json\/wp\/v2\/users\/1"}],"replies":[{"embeddable":true,"href":"https:\/\/atelierceline.fr\/corpo\/wp-json\/wp\/v2\/comments?post=42"}],"version-history":[{"count":9,"href":"https:\/\/atelierceline.fr\/corpo\/wp-json\/wp\/v2\/pages\/42\/revisions"}],"predecessor-version":[{"id":580,"href":"https:\/\/atelierceline.fr\/corpo\/wp-json\/wp\/v2\/pages\/42\/revisions\/580"}],"up":[{"embeddable":true,"href":"https:\/\/atelierceline.fr\/corpo\/wp-json\/wp\/v2\/pages\/36"}],"wp:featuredmedia":[{"embeddable":true,"href":"https:\/\/atelierceline.fr\/corpo\/wp-json\/wp\/v2\/media\/258"}],"wp:attachment":[{"href":"https:\/\/atelierceline.fr\/corpo\/wp-json\/wp\/v2\/media?parent=42"}],"curies":[{"name":"wp","href":"https:\/\/api.w.org\/{rel}","templated":true}]}}

<p>Qu’il s’agisse, <strong>d’une réalisation architecturale intérieur, extérieur</strong> ou d’un produit (sculptures, pergolas, terrasses, aménagements&#8230;), la photographie d’architecture recherchera <strong>à mettre en avant par ses images le design souhaité par le créateur.</strong></p>


<figure class="wp-block-gallery columns-2 is-cropped wp-block-gallery-1 is-layout-flex wp-block-gallery-is-layout-flex"><ul class="blocks-gallery-grid"><li class="blocks-gallery-item"><figure><img loading="lazy" decoding="async" width="1024" height="683" src="https://atelierceline.fr/corpo/wp-content/uploads/2020/02/Sol-08.11-064-1024x683.jpg" alt="" data-id="354" data-full-url="https://atelierceline.fr/corpo/wp-content/uploads/2020/02/Sol-08.11-064.jpg" data-link="https://atelierceline.fr/corpo/la-photographie-darchitecture-exterieure/sol-08-11-064/" class="wp-image-354" srcset="https://atelierceline.fr/corpo/wp-content/uploads/2020/02/Sol-08.11-064-1024x683.jpg 1024w, https://atelierceline.fr/corpo/wp-content/uploads/2020/02/Sol-08.11-064-300x200.jpg 300w, https://atelierceline.fr/corpo/wp-content/uploads/2020/02/Sol-08.11-064-768x512.jpg 768w, https://atelierceline.fr/corpo/wp-content/uploads/2020/02/Sol-08.11-064-1536x1025.jpg 1536w, https://atelierceline.fr/corpo/wp-content/uploads/2020/02/Sol-08.11-064.jpg 1619w" sizes="auto, (max-width: 1024px) 100vw, 1024px" /><figcaption class="blocks-gallery-item__caption"><a href="https://atelierceline.fr/corpo/la-photographie-darchitecture-exterieure/">Architecture <code>e</code>xtérieure</a></figcaption></figure></li><li class="blocks-gallery-item"><figure><img loading="lazy" decoding="async" width="1024" height="683" src="https://atelierceline.fr/corpo/wp-content/uploads/2020/02/Cabinet-016-1024x683.jpg" alt="" data-id="334" data-full-url="https://atelierceline.fr/corpo/wp-content/uploads/2020/02/Cabinet-016-scaled.jpg" data-link="https://atelierceline.fr/corpo/cabinet-016/" class="wp-image-334" srcset="https://atelierceline.fr/corpo/wp-content/uploads/2020/02/Cabinet-016-1024x683.jpg 1024w, https://atelierceline.fr/corpo/wp-content/uploads/2020/02/Cabinet-016-300x200.jpg 300w, https://atelierceline.fr/corpo/wp-content/uploads/2020/02/Cabinet-016-768x513.jpg 768w, https://atelierceline.fr/corpo/wp-content/uploads/2020/02/Cabinet-016-1536x1025.jpg 1536w, https://atelierceline.fr/corpo/wp-content/uploads/2020/02/Cabinet-016-2048x1367.jpg 2048w" sizes="auto, (max-width: 1024px) 100vw, 1024px" /><figcaption class="blocks-gallery-item__caption"><a href="https://atelierceline.fr/corpo/la-photographie-darchitecture-interieure/">Architecture Interieure</a></figcaption></figure></li></ul></figure>



<p></p>

<p>Qu’il s’agisse, d’une réalisation architecturale intérieur, extérieur ou d’un produit (sculptures, pergolas, terrasses, aménagements&#8230;), la photographie d’architecture recherchera à mettre en avant par ses images le design souhaité par le créateur.</p>
