{"id":346,"date":"2020-02-13T11:21:50","date_gmt":"2020-02-13T10:21:50","guid":{"rendered":"https:\/\/atelierceline.fr\/corpo\/?page_id=346"},"modified":"2020-02-13T20:14:12","modified_gmt":"2020-02-13T19:14:12","slug":"la-photographie-darchitecture-exterieure","status":"publish","type":"page","link":"https:\/\/atelierceline.fr\/corpo\/la-photographie-darchitecture-exterieure\/","title":{"rendered":"La photographie d\u2019architecture ext\u00e9rieure"},"content":{"rendered":"\n<div class=\"wp-block-image\"><figure class=\"aligncenter size-large is-resized\"><img loading=\"lazy\" decoding=\"async\" src=\"https:\/\/atelierceline.fr\/corpo\/wp-content\/uploads\/2020\/02\/Sol-08.11-064-1024x683.jpg\" alt=\"\" class=\"wp-image-354\" width=\"583\" height=\"388\" srcset=\"https:\/\/atelierceline.fr\/corpo\/wp-content\/uploads\/2020\/02\/Sol-08.11-064-1024x683.jpg 1024w, https:\/\/atelierceline.fr\/corpo\/wp-content\/uploads\/2020\/02\/Sol-08.11-064-300x200.jpg 300w, https:\/\/atelierceline.fr\/corpo\/wp-content\/uploads\/2020\/02\/Sol-08.11-064-768x512.jpg 768w, https:\/\/atelierceline.fr\/corpo\/wp-content\/uploads\/2020\/02\/Sol-08.11-064-1536x1025.jpg 1536w, https:\/\/atelierceline.fr\/corpo\/wp-content\/uploads\/2020\/02\/Sol-08.11-064.jpg 1619w\" sizes=\"auto, (max-width: 583px) 100vw, 583px\" \/><\/figure><\/div>\n\n\n\n<p class=\"has-normal-font-size\">La\nphotographie d\u2019architecture ext\u00e9rieure va s\u2019attacher \u00e0 mettre en valeur le lieu,\nsa luminosit\u00e9, son exposition, son histoire tout en respectant les techniques\nfondamentales de la photographie d\u2019architecture que sont les effets de\nperspectives, le cadrage, les \u00e9clairages\u2026.<\/p>\n\n\n\n<p class=\"has-normal-font-size\">Pour\napporter des images uniques et de qualit\u00e9, le photographe d\u2019architecture ext\u00e9rieur\ns\u2019appuiera sur son exp\u00e9rience et sa cr\u00e9ativit\u00e9.<\/p>\n\n\n\n<p class=\"has-normal-font-size\">Qu\u2019il s\u2019agisse d\u2019un b\u00e2timent, d\u2019une r\u00e9alisation architecturale ou d\u2019un produit (sculptures, pergolas, terrasses, am\u00e9nagements ext\u00e9rieurs&#8230;), <strong>le photographe d\u2019architecture ext\u00e9rieure recherchera \u00e0 mettre en avant par ses images le design souhait\u00e9 par le cr\u00e9ateur.<\/strong><\/p>\n\n\n\n<div class=\"wp-block-image\"><figure class=\"aligncenter size-large\"><img loading=\"lazy\" decoding=\"async\" width=\"1024\" height=\"683\" src=\"https:\/\/atelierceline.fr\/corpo\/wp-content\/uploads\/2020\/02\/Sol-08.11-006-1024x683.jpg\" alt=\"\" class=\"wp-image-351\" srcset=\"https:\/\/atelierceline.fr\/corpo\/wp-content\/uploads\/2020\/02\/Sol-08.11-006-1024x683.jpg 1024w, https:\/\/atelierceline.fr\/corpo\/wp-content\/uploads\/2020\/02\/Sol-08.11-006-300x200.jpg 300w, https:\/\/atelierceline.fr\/corpo\/wp-content\/uploads\/2020\/02\/Sol-08.11-006-768x512.jpg 768w, https:\/\/atelierceline.fr\/corpo\/wp-content\/uploads\/2020\/02\/Sol-08.11-006-1536x1024.jpg 1536w, https:\/\/atelierceline.fr\/corpo\/wp-content\/uploads\/2020\/02\/Sol-08.11-006.jpg 1620w\" sizes=\"auto, (max-width: 1024px) 100vw, 1024px\" \/><\/figure><\/div>\n\n\n\n<div class=\"wp-block-media-text alignwide has-media-on-the-right is-stacked-on-mobile\"><figure class=\"wp-block-media-text__media\"><img loading=\"lazy\" decoding=\"async\" width=\"1024\" height=\"1024\" src=\"https:\/\/atelierceline.fr\/corpo\/wp-content\/uploads\/2020\/02\/Sol-08.11-021-Copie-1024x1024.jpg\" alt=\"\" class=\"wp-image-358\" srcset=\"https:\/\/atelierceline.fr\/corpo\/wp-content\/uploads\/2020\/02\/Sol-08.11-021-Copie-1024x1024.jpg 1024w, https:\/\/atelierceline.fr\/corpo\/wp-content\/uploads\/2020\/02\/Sol-08.11-021-Copie-300x300.jpg 300w, https:\/\/atelierceline.fr\/corpo\/wp-content\/uploads\/2020\/02\/Sol-08.11-021-Copie-150x150.jpg 150w, https:\/\/atelierceline.fr\/corpo\/wp-content\/uploads\/2020\/02\/Sol-08.11-021-Copie-768x768.jpg 768w, https:\/\/atelierceline.fr\/corpo\/wp-content\/uploads\/2020\/02\/Sol-08.11-021-Copie.jpg 1080w\" sizes=\"auto, (max-width: 1024px) 100vw, 1024px\" \/><\/figure><div class=\"wp-block-media-text__content\">\n<p><!--StartFragment--><\/p>\n\n\n\n<p class=\"has-normal-font-size\">Le\ntravail pr\u00e9paratoire en amont de la s\u00e9ance va s\u2019av\u00e9rait primordial&nbsp;: le\nphotographe va s\u2019entretenir avec vous pour d\u00e9finir vos attentes et vos\npriorit\u00e9s, comprendre les objectifs du projet, identifier l\u2019histoire du lieu. Il\nveillera \u00e9galement \u00e0 ce que le lieu photographi\u00e9 soit d\u00e9pourvu d\u2019objets\nsuperflus qui viseraient \u00e0 le d\u00e9naturer ou \u00e0 l\u2019encombrer et \u00e0 ce que les\n\u00e9ventuels travaux d\u2019am\u00e9nagements ou d\u2019embellissement soient achev\u00e9s.<\/p>\n\n\n\n<p class=\"has-normal-font-size\">Il\neffectuera des rep\u00e9rages afin d\u2019observer les jeux de lumi\u00e8re et d\u00e9cider du\nmoment le plus adapt\u00e9 pour r\u00e9aliser le shooting. Il s\u2019attardera sur les heures\nde lever et de coucher du soleil ainsi que sur les saisons&nbsp;: lieu \u00e0\nphotographier en hiver, en \u00e9t\u00e9, de jour, \u00e0 la nuit tombante\u2026.<\/p>\n\n\n\n<p class=\"has-normal-font-size\">Il\nprendra en compte les effets m\u00e9t\u00e9orologiques pour planifier au mieux le jour du\nshooting et vous proposera deux options pour palier au mauvais temps.<\/p>\n\n\n\n<p><!--EndFragment--><\/p>\n<\/div><\/div>\n\n\n\n<div class=\"wp-block-image\"><figure class=\"aligncenter size-large is-resized\"><img loading=\"lazy\" decoding=\"async\" src=\"https:\/\/atelierceline.fr\/corpo\/wp-content\/uploads\/2020\/02\/Sol-Ain-13-101-1024x683.jpg\" alt=\"\" class=\"wp-image-356\" width=\"699\" height=\"465\" srcset=\"https:\/\/atelierceline.fr\/corpo\/wp-content\/uploads\/2020\/02\/Sol-Ain-13-101-1024x683.jpg 1024w, https:\/\/atelierceline.fr\/corpo\/wp-content\/uploads\/2020\/02\/Sol-Ain-13-101-300x200.jpg 300w, https:\/\/atelierceline.fr\/corpo\/wp-content\/uploads\/2020\/02\/Sol-Ain-13-101-768x512.jpg 768w, https:\/\/atelierceline.fr\/corpo\/wp-content\/uploads\/2020\/02\/Sol-Ain-13-101.jpg 1280w\" sizes=\"auto, (max-width: 699px) 100vw, 699px\" \/><\/figure><\/div>\n\n\n\n<div class=\"wp-block-media-text alignwide has-media-on-the-right is-stacked-on-mobile\" style=\"grid-template-columns:auto 40%\"><figure class=\"wp-block-media-text__media\"><img loading=\"lazy\" decoding=\"async\" width=\"678\" height=\"1024\" src=\"https:\/\/atelierceline.fr\/corpo\/wp-content\/uploads\/2020\/02\/Sol-Ain-13-014-678x1024.jpg\" alt=\"\" class=\"wp-image-355\" srcset=\"https:\/\/atelierceline.fr\/corpo\/wp-content\/uploads\/2020\/02\/Sol-Ain-13-014-678x1024.jpg 678w, https:\/\/atelierceline.fr\/corpo\/wp-content\/uploads\/2020\/02\/Sol-Ain-13-014-199x300.jpg 199w, https:\/\/atelierceline.fr\/corpo\/wp-content\/uploads\/2020\/02\/Sol-Ain-13-014-768x1160.jpg 768w, https:\/\/atelierceline.fr\/corpo\/wp-content\/uploads\/2020\/02\/Sol-Ain-13-014-1017x1536.jpg 1017w, https:\/\/atelierceline.fr\/corpo\/wp-content\/uploads\/2020\/02\/Sol-Ain-13-014-1356x2048.jpg 1356w, https:\/\/atelierceline.fr\/corpo\/wp-content\/uploads\/2020\/02\/Sol-Ain-13-014-scaled.jpg 1694w\" sizes=\"auto, (max-width: 678px) 100vw, 678px\" \/><\/figure><div class=\"wp-block-media-text__content\">\n<p class=\"has-normal-font-size\"><strong>Lors du travail de post production<\/strong> (retouche et montage des photos), le photographe veillera \u00e0 retranscrire dans ses images les sp\u00e9cificit\u00e9s du lieu mais aussi ses particularit\u00e9s avec un souci du d\u00e9tail&nbsp;: rendu impeccable des textures, exposition, profondeur des espaces\u2026.<\/p>\n\n\n\n<p class=\"has-normal-font-size\"><strong>La prestation<\/strong> propos\u00e9e par l\u2019Atelier de C\u00e9line se fait sur devis.<\/p>\n\n\n\n<p class=\"has-normal-font-size\">Elle <strong>comprend d\u2019une mani\u00e8re g\u00e9n\u00e9rale<\/strong> le rep\u00e9rage du lieu, la mise en situation sur place, la prestation photographique, le traitement des images (retouche, \u00e9quilibrage et nettoyage) et la livraison de fichiers au format Web et en Haute D\u00e9finition. En option&nbsp;: Prise de vue la nuit.<\/p>\n\n\n\n<p class=\"has-normal-font-size\">Pour\nun devis personnalis\u00e9, nous contacter au 06 28 21 88 10<\/p>\n<\/div><\/div>\n","protected":false},"excerpt":{"rendered":"<p>La photographie d\u2019architecture ext\u00e9rieure va s\u2019attacher \u00e0 mettre en valeur le lieu, sa luminosit\u00e9, son exposition, son histoire tout en respectant les techniques fondamentales de la photographie d\u2019architecture que sont les effets de perspectives, le cadrage, les \u00e9clairages\u2026. Pour apporter des images uniques et de qualit\u00e9, le photographe d\u2019architecture ext\u00e9rieur&hellip; <\/p>\n","protected":false},"author":1,"featured_media":0,"parent":0,"menu_order":0,"comment_status":"closed","ping_status":"closed","template":"","meta":{"footnotes":""},"class_list":["post-346","page","type-page","status-publish","hentry"],"_links":{"self":[{"href":"https:\/\/atelierceline.fr\/corpo\/wp-json\/wp\/v2\/pages\/346","targetHints":{"allow":["GET"]}}],"collection":[{"href":"https:\/\/atelierceline.fr\/corpo\/wp-json\/wp\/v2\/pages"}],"about":[{"href":"https:\/\/atelierceline.fr\/corpo\/wp-json\/wp\/v2\/types\/page"}],"author":[{"embeddable":true,"href":"https:\/\/atelierceline.fr\/corpo\/wp-json\/wp\/v2\/users\/1"}],"replies":[{"embeddable":true,"href":"https:\/\/atelierceline.fr\/corpo\/wp-json\/wp\/v2\/comments?post=346"}],"version-history":[{"count":3,"href":"https:\/\/atelierceline.fr\/corpo\/wp-json\/wp\/v2\/pages\/346\/revisions"}],"predecessor-version":[{"id":417,"href":"https:\/\/atelierceline.fr\/corpo\/wp-json\/wp\/v2\/pages\/346\/revisions\/417"}],"wp:attachment":[{"href":"https:\/\/atelierceline.fr\/corpo\/wp-json\/wp\/v2\/media?parent=346"}],"curies":[{"name":"wp","href":"https:\/\/api.w.org\/{rel}","templated":true}]}}

La photographie d’architecture extérieure

<div class="wp-block-image"><figure class="aligncenter size-large is-resized"><img loading="lazy" decoding="async" src="https://atelierceline.fr/corpo/wp-content/uploads/2020/02/Sol-08.11-064-1024x683.jpg" alt="" class="wp-image-354" width="583" height="388" srcset="https://atelierceline.fr/corpo/wp-content/uploads/2020/02/Sol-08.11-064-1024x683.jpg 1024w, https://atelierceline.fr/corpo/wp-content/uploads/2020/02/Sol-08.11-064-300x200.jpg 300w, https://atelierceline.fr/corpo/wp-content/uploads/2020/02/Sol-08.11-064-768x512.jpg 768w, https://atelierceline.fr/corpo/wp-content/uploads/2020/02/Sol-08.11-064-1536x1025.jpg 1536w, https://atelierceline.fr/corpo/wp-content/uploads/2020/02/Sol-08.11-064.jpg 1619w" sizes="auto, (max-width: 583px) 100vw, 583px" /></figure></div>



<p class="has-normal-font-size">La
photographie d’architecture extérieure va s’attacher à mettre en valeur le lieu,
sa luminosité, son exposition, son histoire tout en respectant les techniques
fondamentales de la photographie d’architecture que sont les effets de
perspectives, le cadrage, les éclairages….</p>



<p class="has-normal-font-size">Pour
apporter des images uniques et de qualité, le photographe d’architecture extérieur
s’appuiera sur son expérience et sa créativité.</p>



<p class="has-normal-font-size">Qu’il s’agisse d’un bâtiment, d’une réalisation architecturale ou d’un produit (sculptures, pergolas, terrasses, aménagements extérieurs&#8230;), <strong>le photographe d’architecture extérieure recherchera à mettre en avant par ses images le design souhaité par le créateur.</strong></p>



<div class="wp-block-image"><figure class="aligncenter size-large"><img loading="lazy" decoding="async" width="1024" height="683" src="https://atelierceline.fr/corpo/wp-content/uploads/2020/02/Sol-08.11-006-1024x683.jpg" alt="" class="wp-image-351" srcset="https://atelierceline.fr/corpo/wp-content/uploads/2020/02/Sol-08.11-006-1024x683.jpg 1024w, https://atelierceline.fr/corpo/wp-content/uploads/2020/02/Sol-08.11-006-300x200.jpg 300w, https://atelierceline.fr/corpo/wp-content/uploads/2020/02/Sol-08.11-006-768x512.jpg 768w, https://atelierceline.fr/corpo/wp-content/uploads/2020/02/Sol-08.11-006-1536x1024.jpg 1536w, https://atelierceline.fr/corpo/wp-content/uploads/2020/02/Sol-08.11-006.jpg 1620w" sizes="auto, (max-width: 1024px) 100vw, 1024px" /></figure></div>



<div class="wp-block-media-text alignwide has-media-on-the-right is-stacked-on-mobile"><figure class="wp-block-media-text__media"><img loading="lazy" decoding="async" width="1024" height="1024" src="https://atelierceline.fr/corpo/wp-content/uploads/2020/02/Sol-08.11-021-Copie-1024x1024.jpg" alt="" class="wp-image-358" srcset="https://atelierceline.fr/corpo/wp-content/uploads/2020/02/Sol-08.11-021-Copie-1024x1024.jpg 1024w, https://atelierceline.fr/corpo/wp-content/uploads/2020/02/Sol-08.11-021-Copie-300x300.jpg 300w, https://atelierceline.fr/corpo/wp-content/uploads/2020/02/Sol-08.11-021-Copie-150x150.jpg 150w, https://atelierceline.fr/corpo/wp-content/uploads/2020/02/Sol-08.11-021-Copie-768x768.jpg 768w, https://atelierceline.fr/corpo/wp-content/uploads/2020/02/Sol-08.11-021-Copie.jpg 1080w" sizes="auto, (max-width: 1024px) 100vw, 1024px" /></figure><div class="wp-block-media-text__content">
<p><!--StartFragment--></p>



<p class="has-normal-font-size">Le
travail préparatoire en amont de la séance va s’avérait primordial&nbsp;: le
photographe va s’entretenir avec vous pour définir vos attentes et vos
priorités, comprendre les objectifs du projet, identifier l’histoire du lieu. Il
veillera également à ce que le lieu photographié soit dépourvu d’objets
superflus qui viseraient à le dénaturer ou à l’encombrer et à ce que les
éventuels travaux d’aménagements ou d’embellissement soient achevés.</p>



<p class="has-normal-font-size">Il
effectuera des repérages afin d’observer les jeux de lumière et décider du
moment le plus adapté pour réaliser le shooting. Il s’attardera sur les heures
de lever et de coucher du soleil ainsi que sur les saisons&nbsp;: lieu à
photographier en hiver, en été, de jour, à la nuit tombante….</p>



<p class="has-normal-font-size">Il
prendra en compte les effets météorologiques pour planifier au mieux le jour du
shooting et vous proposera deux options pour palier au mauvais temps.</p>



<p><!--EndFragment--></p>
</div></div>



<div class="wp-block-image"><figure class="aligncenter size-large is-resized"><img loading="lazy" decoding="async" src="https://atelierceline.fr/corpo/wp-content/uploads/2020/02/Sol-Ain-13-101-1024x683.jpg" alt="" class="wp-image-356" width="699" height="465" srcset="https://atelierceline.fr/corpo/wp-content/uploads/2020/02/Sol-Ain-13-101-1024x683.jpg 1024w, https://atelierceline.fr/corpo/wp-content/uploads/2020/02/Sol-Ain-13-101-300x200.jpg 300w, https://atelierceline.fr/corpo/wp-content/uploads/2020/02/Sol-Ain-13-101-768x512.jpg 768w, https://atelierceline.fr/corpo/wp-content/uploads/2020/02/Sol-Ain-13-101.jpg 1280w" sizes="auto, (max-width: 699px) 100vw, 699px" /></figure></div>



<div class="wp-block-media-text alignwide has-media-on-the-right is-stacked-on-mobile" style="grid-template-columns:auto 40%"><figure class="wp-block-media-text__media"><img loading="lazy" decoding="async" width="678" height="1024" src="https://atelierceline.fr/corpo/wp-content/uploads/2020/02/Sol-Ain-13-014-678x1024.jpg" alt="" class="wp-image-355" srcset="https://atelierceline.fr/corpo/wp-content/uploads/2020/02/Sol-Ain-13-014-678x1024.jpg 678w, https://atelierceline.fr/corpo/wp-content/uploads/2020/02/Sol-Ain-13-014-199x300.jpg 199w, https://atelierceline.fr/corpo/wp-content/uploads/2020/02/Sol-Ain-13-014-768x1160.jpg 768w, https://atelierceline.fr/corpo/wp-content/uploads/2020/02/Sol-Ain-13-014-1017x1536.jpg 1017w, https://atelierceline.fr/corpo/wp-content/uploads/2020/02/Sol-Ain-13-014-1356x2048.jpg 1356w, https://atelierceline.fr/corpo/wp-content/uploads/2020/02/Sol-Ain-13-014-scaled.jpg 1694w" sizes="auto, (max-width: 678px) 100vw, 678px" /></figure><div class="wp-block-media-text__content">
<p class="has-normal-font-size"><strong>Lors du travail de post production</strong> (retouche et montage des photos), le photographe veillera à retranscrire dans ses images les spécificités du lieu mais aussi ses particularités avec un souci du détail&nbsp;: rendu impeccable des textures, exposition, profondeur des espaces….</p>



<p class="has-normal-font-size"><strong>La prestation</strong> proposée par l’Atelier de Céline se fait sur devis.</p>



<p class="has-normal-font-size">Elle <strong>comprend d’une manière générale</strong> le repérage du lieu, la mise en situation sur place, la prestation photographique, le traitement des images (retouche, équilibrage et nettoyage) et la livraison de fichiers au format Web et en Haute Définition. En option&nbsp;: Prise de vue la nuit.</p>



<p class="has-normal-font-size">Pour
un devis personnalisé, nous contacter au 06 28 21 88 10</p>
</div></div>

<p>La photographie d’architecture extérieure va s’attacher à mettre en valeur le lieu, sa luminosité, son exposition, son histoire tout en respectant les techniques fondamentales de la photographie d’architecture que sont les effets de perspectives, le cadrage, les éclairages…. Pour apporter des images uniques et de qualité, le photographe d’architecture extérieur&hellip; </p>
