{"id":313,"date":"2020-02-12T11:04:31","date_gmt":"2020-02-12T10:04:31","guid":{"rendered":"https:\/\/atelierceline.fr\/corpo\/?page_id=313"},"modified":"2023-02-08T21:26:30","modified_gmt":"2023-02-08T20:26:30","slug":"la-vie-de-votre-entreprise","status":"publish","type":"page","link":"https:\/\/atelierceline.fr\/corpo\/front-page-feature\/la-vie-de-votre-entreprise\/","title":{"rendered":"La vie de votre entreprise"},"content":{"rendered":"\n<div class=\"wp-block-media-text alignwide is-stacked-on-mobile\"><figure class=\"wp-block-media-text__media\"><img loading=\"lazy\" decoding=\"async\" width=\"1024\" height=\"682\" src=\"https:\/\/atelierceline.fr\/corpo\/wp-content\/uploads\/2020\/02\/Sem-reseau-009-1024x682.jpg\" alt=\"\" class=\"wp-image-280\" srcset=\"https:\/\/atelierceline.fr\/corpo\/wp-content\/uploads\/2020\/02\/Sem-reseau-009-1024x682.jpg 1024w, https:\/\/atelierceline.fr\/corpo\/wp-content\/uploads\/2020\/02\/Sem-reseau-009-300x200.jpg 300w, https:\/\/atelierceline.fr\/corpo\/wp-content\/uploads\/2020\/02\/Sem-reseau-009-768x512.jpg 768w, https:\/\/atelierceline.fr\/corpo\/wp-content\/uploads\/2020\/02\/Sem-reseau-009.jpg 1280w\" sizes=\"auto, (max-width: 1024px) 100vw, 1024px\" \/><\/figure><div class=\"wp-block-media-text__content\">\n<p class=\"has-normal-font-size\">La photographie corporate (ou d\u2019entreprise) a pour mission de mettre en images la vie et l\u2019activit\u00e9 de l\u2019entreprise. Ses images seront un v\u00e9ritable atout pour la communication interne et externe de l\u2019entreprise. <\/p>\n\n\n\n<p class=\"has-normal-font-size\"><strong>En amont du reportage<\/strong>, le photographe \u00e9changera avec vous sur votre c\u0153ur de m\u00e9tier, les \u00e9quipes qui composent votre entreprise et vos souhaits pour la r\u00e9alisation de votre shooting.<\/p>\n<\/div><\/div>\n\n\n\n<div class=\"wp-block-media-text alignwide has-media-on-the-right is-stacked-on-mobile\"><figure class=\"wp-block-media-text__media\"><img loading=\"lazy\" decoding=\"async\" width=\"1024\" height=\"683\" src=\"https:\/\/atelierceline.fr\/corpo\/wp-content\/uploads\/2020\/02\/Bung-Eco-004-1024x683.jpg\" alt=\"\" class=\"wp-image-273\" srcset=\"https:\/\/atelierceline.fr\/corpo\/wp-content\/uploads\/2020\/02\/Bung-Eco-004-1024x683.jpg 1024w, https:\/\/atelierceline.fr\/corpo\/wp-content\/uploads\/2020\/02\/Bung-Eco-004-300x200.jpg 300w, https:\/\/atelierceline.fr\/corpo\/wp-content\/uploads\/2020\/02\/Bung-Eco-004-768x512.jpg 768w, https:\/\/atelierceline.fr\/corpo\/wp-content\/uploads\/2020\/02\/Bung-Eco-004.jpg 1280w\" sizes=\"auto, (max-width: 1024px) 100vw, 1024px\" \/><\/figure><div class=\"wp-block-media-text__content\">\n<p class=\"has-text-align-left has-normal-font-size\"><strong>Du shooting \u00e0 la post production<\/strong> (retouche et montage des photos), le photographe recherchera \u00e0 mettre en valeur vos comp\u00e9tences et vos atouts \u00e0 travers des images qui v\u00e9hiculeront l\u2019identit\u00e9 de votre l\u2019entreprise et seront repr\u00e9sentatives de son activit\u00e9 : le m\u00e9tier, les locaux, mais aussi les hommes et les femmes qui la composent et qui la font vivre : \u00e9quipe dirigeante, salari\u00e9s. <\/p>\n<\/div><\/div>\n\n\n\n<div class=\"wp-block-media-text alignwide is-stacked-on-mobile\"><figure class=\"wp-block-media-text__media\"><img loading=\"lazy\" decoding=\"async\" width=\"1024\" height=\"683\" src=\"https:\/\/atelierceline.fr\/corpo\/wp-content\/uploads\/2020\/02\/Optique-019-1024x683.jpg\" alt=\"\" class=\"wp-image-279\" srcset=\"https:\/\/atelierceline.fr\/corpo\/wp-content\/uploads\/2020\/02\/Optique-019-1024x683.jpg 1024w, https:\/\/atelierceline.fr\/corpo\/wp-content\/uploads\/2020\/02\/Optique-019-300x200.jpg 300w, https:\/\/atelierceline.fr\/corpo\/wp-content\/uploads\/2020\/02\/Optique-019-768x512.jpg 768w, https:\/\/atelierceline.fr\/corpo\/wp-content\/uploads\/2020\/02\/Optique-019.jpg 1280w\" sizes=\"auto, (max-width: 1024px) 100vw, 1024px\" \/><\/figure><div class=\"wp-block-media-text__content\">\n<p class=\"has-normal-font-size\">Ces images constitueront un outil de communication pour vous-m\u00eame aupr\u00e8s de vos futurs clients et de vos partenaires : <strong>elles contribueront \u00e0 la mise en valeur de votre professionnalisme<\/strong> sur votre site Internet, vos brochures publicitaires et mettront en avant des collaborateurs soud\u00e9s et motiv\u00e9s, repr\u00e9sentant ainsi une image dynamique de l\u2019entreprise. L&rsquo; Atelier sera \u00e9galement \u00e0 votre disposition pour mettre en valeur vos s\u00e9minaires, formations ou repas d\u2019affaires.<\/p>\n<\/div><\/div>\n\n\n\n<div class=\"wp-block-media-text alignwide has-media-on-the-right is-stacked-on-mobile\"><figure class=\"wp-block-media-text__media\"><img loading=\"lazy\" decoding=\"async\" width=\"1024\" height=\"682\" src=\"https:\/\/atelierceline.fr\/corpo\/wp-content\/uploads\/2020\/02\/Optique-006-1024x682.jpg\" alt=\"\" class=\"wp-image-277\" srcset=\"https:\/\/atelierceline.fr\/corpo\/wp-content\/uploads\/2020\/02\/Optique-006-1024x682.jpg 1024w, https:\/\/atelierceline.fr\/corpo\/wp-content\/uploads\/2020\/02\/Optique-006-300x200.jpg 300w, https:\/\/atelierceline.fr\/corpo\/wp-content\/uploads\/2020\/02\/Optique-006-768x512.jpg 768w, https:\/\/atelierceline.fr\/corpo\/wp-content\/uploads\/2020\/02\/Optique-006.jpg 1280w\" sizes=\"auto, (max-width: 1024px) 100vw, 1024px\" \/><\/figure><div class=\"wp-block-media-text__content\">\n<p class=\"has-normal-font-size\"> <strong>L\u2019Atelier de C\u00e9line propose des forfaits adapt\u00e9s en fonction de votre projet\u00a0:<\/strong> <\/p>\n\n\n\n<p class=\"has-normal-font-size\">R\u00e9alisation de vos projets dans vos locaux, mise en situation et portrait du chef d\u2019entreprise,<br>(R\u00e9alisation de trombinoscope et des photos des collaborateurs sur devis ; fichier HD suppl\u00e9mentaire et frais de d\u00e9placement en sus)<\/p>\n\n\n\n<p class=\"has-normal-font-size\">Pour tout RDV, demande de devis, <BR>contactez nous au 06 28 21 88 10.<\/p>\n<\/div><\/div>\n","protected":false},"excerpt":{"rendered":"<p>La photographie corporate (ou d\u2019entreprise) a pour mission de mettre en images la vie et l\u2019activit\u00e9 de l\u2019entreprise. Ses images seront un v\u00e9ritable atout pour la communication interne et externe de l\u2019entreprise. <\/p>\n","protected":false},"author":1,"featured_media":270,"parent":36,"menu_order":0,"comment_status":"closed","ping_status":"closed","template":"","meta":{"footnotes":""},"class_list":["post-313","page","type-page","status-publish","has-post-thumbnail","hentry"],"_links":{"self":[{"href":"https:\/\/atelierceline.fr\/corpo\/wp-json\/wp\/v2\/pages\/313","targetHints":{"allow":["GET"]}}],"collection":[{"href":"https:\/\/atelierceline.fr\/corpo\/wp-json\/wp\/v2\/pages"}],"about":[{"href":"https:\/\/atelierceline.fr\/corpo\/wp-json\/wp\/v2\/types\/page"}],"author":[{"embeddable":true,"href":"https:\/\/atelierceline.fr\/corpo\/wp-json\/wp\/v2\/users\/1"}],"replies":[{"embeddable":true,"href":"https:\/\/atelierceline.fr\/corpo\/wp-json\/wp\/v2\/comments?post=313"}],"version-history":[{"count":8,"href":"https:\/\/atelierceline.fr\/corpo\/wp-json\/wp\/v2\/pages\/313\/revisions"}],"predecessor-version":[{"id":627,"href":"https:\/\/atelierceline.fr\/corpo\/wp-json\/wp\/v2\/pages\/313\/revisions\/627"}],"up":[{"embeddable":true,"href":"https:\/\/atelierceline.fr\/corpo\/wp-json\/wp\/v2\/pages\/36"}],"wp:featuredmedia":[{"embeddable":true,"href":"https:\/\/atelierceline.fr\/corpo\/wp-json\/wp\/v2\/media\/270"}],"wp:attachment":[{"href":"https:\/\/atelierceline.fr\/corpo\/wp-json\/wp\/v2\/media?parent=313"}],"curies":[{"name":"wp","href":"https:\/\/api.w.org\/{rel}","templated":true}]}}

<div class="wp-block-media-text alignwide is-stacked-on-mobile"><figure class="wp-block-media-text__media"><img loading="lazy" decoding="async" width="1024" height="682" src="https://atelierceline.fr/corpo/wp-content/uploads/2020/02/Sem-reseau-009-1024x682.jpg" alt="" class="wp-image-280" srcset="https://atelierceline.fr/corpo/wp-content/uploads/2020/02/Sem-reseau-009-1024x682.jpg 1024w, https://atelierceline.fr/corpo/wp-content/uploads/2020/02/Sem-reseau-009-300x200.jpg 300w, https://atelierceline.fr/corpo/wp-content/uploads/2020/02/Sem-reseau-009-768x512.jpg 768w, https://atelierceline.fr/corpo/wp-content/uploads/2020/02/Sem-reseau-009.jpg 1280w" sizes="auto, (max-width: 1024px) 100vw, 1024px" /></figure><div class="wp-block-media-text__content">
<p class="has-normal-font-size">La photographie corporate (ou d’entreprise) a pour mission de mettre en images la vie et l’activité de l’entreprise. Ses images seront un véritable atout pour la communication interne et externe de l’entreprise. </p>



<p class="has-normal-font-size"><strong>En amont du reportage</strong>, le photographe échangera avec vous sur votre cœur de métier, les équipes qui composent votre entreprise et vos souhaits pour la réalisation de votre shooting.</p>
</div></div>



<div class="wp-block-media-text alignwide has-media-on-the-right is-stacked-on-mobile"><figure class="wp-block-media-text__media"><img loading="lazy" decoding="async" width="1024" height="683" src="https://atelierceline.fr/corpo/wp-content/uploads/2020/02/Bung-Eco-004-1024x683.jpg" alt="" class="wp-image-273" srcset="https://atelierceline.fr/corpo/wp-content/uploads/2020/02/Bung-Eco-004-1024x683.jpg 1024w, https://atelierceline.fr/corpo/wp-content/uploads/2020/02/Bung-Eco-004-300x200.jpg 300w, https://atelierceline.fr/corpo/wp-content/uploads/2020/02/Bung-Eco-004-768x512.jpg 768w, https://atelierceline.fr/corpo/wp-content/uploads/2020/02/Bung-Eco-004.jpg 1280w" sizes="auto, (max-width: 1024px) 100vw, 1024px" /></figure><div class="wp-block-media-text__content">
<p class="has-text-align-left has-normal-font-size"><strong>Du shooting à la post production</strong> (retouche et montage des photos), le photographe recherchera à mettre en valeur vos compétences et vos atouts à travers des images qui véhiculeront l’identité de votre l’entreprise et seront représentatives de son activité : le métier, les locaux, mais aussi les hommes et les femmes qui la composent et qui la font vivre : équipe dirigeante, salariés. </p>
</div></div>



<div class="wp-block-media-text alignwide is-stacked-on-mobile"><figure class="wp-block-media-text__media"><img loading="lazy" decoding="async" width="1024" height="683" src="https://atelierceline.fr/corpo/wp-content/uploads/2020/02/Optique-019-1024x683.jpg" alt="" class="wp-image-279" srcset="https://atelierceline.fr/corpo/wp-content/uploads/2020/02/Optique-019-1024x683.jpg 1024w, https://atelierceline.fr/corpo/wp-content/uploads/2020/02/Optique-019-300x200.jpg 300w, https://atelierceline.fr/corpo/wp-content/uploads/2020/02/Optique-019-768x512.jpg 768w, https://atelierceline.fr/corpo/wp-content/uploads/2020/02/Optique-019.jpg 1280w" sizes="auto, (max-width: 1024px) 100vw, 1024px" /></figure><div class="wp-block-media-text__content">
<p class="has-normal-font-size">Ces images constitueront un outil de communication pour vous-même auprès de vos futurs clients et de vos partenaires : <strong>elles contribueront à la mise en valeur de votre professionnalisme</strong> sur votre site Internet, vos brochures publicitaires et mettront en avant des collaborateurs soudés et motivés, représentant ainsi une image dynamique de l’entreprise. L&rsquo; Atelier sera également à votre disposition pour mettre en valeur vos séminaires, formations ou repas d’affaires.</p>
</div></div>



<div class="wp-block-media-text alignwide has-media-on-the-right is-stacked-on-mobile"><figure class="wp-block-media-text__media"><img loading="lazy" decoding="async" width="1024" height="682" src="https://atelierceline.fr/corpo/wp-content/uploads/2020/02/Optique-006-1024x682.jpg" alt="" class="wp-image-277" srcset="https://atelierceline.fr/corpo/wp-content/uploads/2020/02/Optique-006-1024x682.jpg 1024w, https://atelierceline.fr/corpo/wp-content/uploads/2020/02/Optique-006-300x200.jpg 300w, https://atelierceline.fr/corpo/wp-content/uploads/2020/02/Optique-006-768x512.jpg 768w, https://atelierceline.fr/corpo/wp-content/uploads/2020/02/Optique-006.jpg 1280w" sizes="auto, (max-width: 1024px) 100vw, 1024px" /></figure><div class="wp-block-media-text__content">
<p class="has-normal-font-size"> <strong>L’Atelier de Céline propose des forfaits adaptés en fonction de votre projet :</strong> </p>



<p class="has-normal-font-size">Réalisation de vos projets dans vos locaux, mise en situation et portrait du chef d’entreprise,<br>(Réalisation de trombinoscope et des photos des collaborateurs sur devis ; fichier HD supplémentaire et frais de déplacement en sus)</p>



<p class="has-normal-font-size">Pour tout RDV, demande de devis, <BR>contactez nous au 06 28 21 88 10.</p>
</div></div>

<p>La photographie corporate (ou d’entreprise) a pour mission de mettre en images la vie et l’activité de l’entreprise. Ses images seront un véritable atout pour la communication interne et externe de l’entreprise. </p>
